{"id":1824,"date":"2018-10-30T00:01:43","date_gmt":"2018-10-30T00:01:43","guid":{"rendered":"https:\/\/catolicahotel.com\/hotel\/"},"modified":"2025-10-20T11:26:14","modified_gmt":"2025-10-20T11:26:14","slug":"hotel","status":"publish","type":"page","link":"https:\/\/catolicahotel.com\/de\/hotel\/","title":{"rendered":"HOTEL"},"content":{"rendered":"<p>[vc_row][vc_column][vc_empty_space height=\"80&#8243;][\/vc_column][\/vc_row][vc_row full_width=\"stretch_row\" css=\".vc_custom_1756912985251{background-position: center !important;background-repeat: no-repeat !important;background-size: cover !important;}\"][vc_column width=\"1\/2&#8243;][vc_custom_heading text=\"Ich denke an Sie\" font_container=\"tag:h2|font_size:30|text_align:center|color:%235f1f08&#8243; google_fonts=\"font_family:Playfair%20Display%3Aregular%2Citalic%2C700%2C700italic%2C900%2C900italic|font_style:900%20bold%20regular%3A900%3Anormal\" css=\".vc_custom_1756913541583{margin-bottom: 30px !important;}\"][vc_column_text el_class=\"hotel-txt\" css=\".vc_custom_1756913761038{padding-right: 10px !important;}\"]Das zentral im Herzen von F\u00e1tima gelegene Cat\u00f3lica Hotel ist nur <strong>3 Minuten von der Wallfahrtskirche Unserer Lieben Frau von F\u00e1tima entfernt<\/strong>.<\/p>\n<p>Umgeben von nat\u00fcrlichem Licht, mit einer gem\u00fctlichen und famili\u00e4ren Atmosph\u00e4re, verf\u00fcgt das Hotel \u00fcber <strong>49 Zimmer<\/strong>, unterteilt in Einzelzimmer, Doppel- oder Zweibettzimmer, Dreibettzimmer und Familienzimmer, die in einem <strong>modern-klassischen Stil<\/strong> eingerichtet sind. Unsere G\u00e4ste k\u00f6nnen im Restaurant und in der Bar des Hotels Cat\u00f3lica eine typische Mahlzeit oder ein Getr\u00e4nk aus unserer Region genie\u00dfen.<br \/>\nWir haben auch einen Tagungs-\/Veranstaltungsraum mit einer Kapazit\u00e4t von <strong>50 Personen<\/strong> zu Ihrer Verf\u00fcgung.<\/p>\n<p>W\u00e4hrend Sie Ihren Aufenthalt im Cat\u00f3lica Hotel genie\u00dfen, k\u00f6nnen Sie auch <strong>die Sehensw\u00fcrdigkeiten in der Umgebung von F\u00e1tima erkunden<\/strong>. Zum Beispiel die Schl\u00f6sser von Leiria, Our\u00e9m, Tomar und Pombal sowie die Serra d&#8217;Aire und der Parque dos Candeeiros. <\/p>\n<p style=\"text-align: justify;\">Paare m\u00f6gen besonders die Lage &#8211; sie gaben ihr eine <strong>Bewertung von 9,3<\/strong> f\u00fcr eine Reise zu zweit.<\/p>\n<p>[\/vc_column_text][\/vc_column][vc_column width=\"1\/2&#8243;][vc_images_carousel images=\"1229,1230,1228,787,797&#8243; img_size=\"500&#215;500&#8243; speed=\"3000&#8243; wrap=\"yes\" css=\".vc_custom_1758554058626{border-left-width: 50px !important;}\" el_id=\"hotelCarousel\"][\/vc_column][\/vc_row][vc_row][vc_column][vc_empty_space height=\"80&#8243;][\/vc_column][\/vc_row][vc_row][vc_column width=\"1\/2&#8243;][vc_custom_heading text=\"Dienstleistungen\" font_container=\"tag:h2|text_align:center\" google_fonts=\"font_family:Playfair%20Display%3Aregular%2Citalic%2C700%2C700italic%2C900%2C900italic|font_style:900%20bold%20regular%3A900%3Anormal\" css=\".vc_custom_1756913478724{margin-top: 25px !important;margin-bottom: 45px !important;}\"][vc_column_text el_class=\"servicos-txt\"]<\/p>\n<p class=\"servicos-check\"><i class=\"fas fa-check\"><\/i>  5 Sprachen gesprochen: PT, ES, EN, FR, IT<br \/>\n<i class=\"fas fa-check\"><\/i>  24-Stunden-Rezeption<br \/>\n<i class=\"fas fa-check\"><\/i>  Fr\u00fchst\u00fccksbuffet bei allen Aufenthalten<br \/>\n<i class=\"fas fa-check\"><\/i>  Restaurant und Bar<br \/>\n<i class=\"fas fa-check\"><\/i>  T\u00e4gliche Reinigung<br \/>\n<i class=\"fas fa-check\"><\/i>  Gemeinsamer Aufenthaltsraum\/TV-Bereich<br \/>\nFotokopierer<br \/>\n<i class=\"fas fa-check\"><\/i>  Tagungsraum\/Veranstaltungen<br \/>\n<i class=\"fas fa-check\"><\/i>  Zimmerservice<br \/>\n<i class=\"fas fa-check\"><\/i>  Weckdienst<\/p>\n<p>[\/vc_column_text][\/vc_column][vc_column width=\"1\/2&#8243;][vc_custom_heading text=\"Installationen\" font_container=\"tag:h2|text_align:center\" google_fonts=\"font_family:Playfair%20Display%3Aregular%2Citalic%2C700%2C700italic%2C900%2C900italic|font_style:900%20bold%20regular%3A900%3Anormal\" css=\".vc_custom_1756913486338{margin-top: 25px !important;margin-bottom: 45px !important;}\"][vc_column_text el_class=\"servicos-txt\"]<\/p>\n<p class=\"servicos-check\"><i class=\"fas fa-check\"><\/i>  Terrasse<br \/>\n<i class=\"fas fa-check\"><\/i>  Aufzug<br \/>\n<i class=\"fas fa-check\"><\/i>  Gep\u00e4ckraum<br \/>\n<i class=\"fas fa-check\"><\/i>  Klimatisierung<br \/>\n<i class=\"fas fa-check\"><\/i>  Heizung<br \/>\n<i class=\"fas fa-check\"><\/i>  Familienzimmer<br \/>\n<i class=\"fas fa-check\"><\/i>  Einrichtungen f\u00fcr Menschen mit eingeschr\u00e4nkter Mobilit\u00e4t<br \/>\n<i class=\"fas fa-check\"><\/i>  Anpassung f\u00fcr Menschen mit eingeschr\u00e4nkter Mobilit\u00e4t (WC mit Notrufkabel, Haltegriff und eingelassenes Waschbecken)<br \/>\n<i class=\"fas fa-check\"><\/i>  Rauchverbot in allen Bereichen<\/p>\n<p>[\/vc_column_text][\/vc_column][\/vc_row][vc_row][vc_column][vc_empty_space height=\"80&#8243;][\/vc_column][\/vc_row][vc_row css=\".vc_custom_1545837782247{margin-top: 75px !important;}\"][vc_column][vc_custom_heading text=\"Aktivit\u00e4ten\" font_container=\"tag:h2|text_align:center\" google_fonts=\"font_family:Playfair%20Display%3Aregular%2Citalic%2C700%2C700italic%2C900%2C900italic|font_style:900%20bold%20regular%3A900%3Anormal\"][\/vc_column][\/vc_row][vc_row][vc_column width=\"1\/3&#8243; css=\".vc_custom_1756916935803{padding-right: 20px !important;padding-left: 20px !important;}\"][vc_images_carousel images=\"1282,1281,1008&#8243; img_size=\"375&#215;375&#8243; onclick=\"link_no\" autoplay=\"yes\" hide_pagination_control=\"yes\" wrap=\"yes\" css=\".vc_custom_1759251829234{margin-left: 20px !important;padding-bottom: 20px !important;}\"][vc_column_text css=\".vc_custom_1756917002946{padding-right: 20px !important;padding-left: 20px !important;}\"]<\/p>\n<h4><strong>Str\u00e4nde<\/strong><\/h4>\n<p>[\/vc_column_text][vc_empty_space height=\"10&#8243;][vc_column_text css=\".vc_custom_1756917836863{padding-right: 20px !important;padding-left: 20px !important;}\"]Sie k\u00f6nnen Str\u00e4nde wie Nazar\u00e9, S\u00e3o Martinho do Porto, S\u00e3o Pedro de Moel und Osso da Baleia entdecken, die ideal zum Entspannen oder zum Wassersport sind. Perfekt f\u00fcr Familienausfl\u00fcge, Sonnenb\u00e4der und sch\u00f6ne Stunden am Meer. [\/vc_column_text][\/vc_column][vc_column width=\"1\/3&#8243;][vc_images_carousel images=\"1283,1280,1290&#8243; img_size=\"375&#215;375&#8243; onclick=\"link_no\" autoplay=\"yes\" hide_pagination_control=\"yes\" wrap=\"yes\" css=\".vc_custom_1759312394722{margin-left: 20px !important;padding-bottom: 20px !important;}\"][vc_column_text css=\".vc_custom_1756917041688{padding-right: 20px !important;padding-left: 20px !important;}\"]<\/p>\n<h4 class=\"lead-heading\"><strong>Serra d&#8217;Aire und Candeeiros<\/strong><\/h4>\n<p>[\/vc_column_text][vc_empty_space height=\"10&#8243;][vc_column_text css=\".vc_custom_1756917683748{padding-right: 20px !important;padding-left: 20px !important;}\"]Gleich nebenan liegt der Naturpark Serra d&#8217;Aire e Candeeiros. Besuchen Sie die pal\u00e4ontologische St\u00e4tte der Dinosaurier-Fu\u00dfabdr\u00fccke, wandern Sie auf den Pfaden und genie\u00dfen Sie die herrliche Berglandschaft. [\/vc_column_text][\/vc_column][vc_column width=\"1\/3&#8243;][vc_images_carousel images=\"1265,1264,1263&#8243; img_size=\"375&#215;375&#8243; onclick=\"link_no\" autoplay=\"yes\" hide_pagination_control=\"yes\" wrap=\"yes\" css=\".vc_custom_1759251836727{margin-bottom: 20px !important;padding-left: 20px !important;}\"][vc_column_text css=\".vc_custom_1759233319933{padding-right: 20px !important;padding-left: 20px !important;}\"]<\/p>\n<h4><strong>Schl\u00f6sser und Kl\u00f6ster<\/strong><\/h4>\n<p>[\/vc_column_text][vc_empty_space height=\"10&#8243;][vc_column_text css=\".vc_custom_1756916966433{padding-right: 20px !important;padding-left: 20px !important;}\"]In dieser Gegend von Leiria &#8211; F\u00e1tima k\u00f6nnen Sie 4 fabelhafte Schl\u00f6sser besuchen: Leiria, Our\u00e9m, Tomar und Pombal. Und pr\u00e4chtige Monumente, von denen die bekanntesten einen Besuch wert sind: das Batalha-Kloster und das Alcoba\u00e7a-Kloster. [\/vc_column_text][\/vc_column][\/vc_row][vc_row][vc_column][vc_empty_space height=\"80&#8243;][\/vc_column][\/vc_row][vc_row][vc_column][vc_custom_heading text=\"Andere Informationen\" font_container=\"tag:h2|text_align:center\" google_fonts=\"font_family:Playfair%20Display%3Aregular%2Citalic%2C700%2C700italic%2C900%2C900italic|font_style:900%20bold%20regular%3A900%3Anormal\" css=\".vc_custom_1756913461975{margin-top: 35px !important;margin-bottom: 45px !important;}\"][vc_empty_space height=\"50px\"][\/vc_column][\/vc_row][vc_row css=\".vc_custom_1545838620137{margin-bottom: 50px !important;}\"][vc_column width=\"1\/2&#8243;][vc_column_text el_class=\"servicos-txt\" css=\".vc_custom_1756914438359{padding-right: 80px !important;}\"]<i class=\"fas fa-check\"><\/i> <strong>Einchecken<\/strong><\/p>\n<p class=\"espaco\">Zwischen 16 Uhr und 23.30 Uhr<\/p>\n<p>&nbsp;<\/p>\n<p><i class=\"fas fa-check\"><\/i> <strong>Check-out<\/strong><\/p>\n<p class=\"espaco\">Zwischen 8 Uhr und 12 Uhr<\/p>\n<p>&nbsp;<\/p>\n<p><i class=\"fas fa-check\"><\/i> <strong>Haustiere<\/strong><\/p>\n<p class=\"espaco\">Nicht erlaubt<\/p>\n<p>&nbsp;<\/p>\n<p><i class=\"fas fa-check\"><\/i> <strong>In der Unterkunft akzeptierte Karten<\/strong><\/p>\n<p class=\"espaco\">Das Cat\u00f3lica Hotel akzeptiert VISA-Karten und beh\u00e4lt sich das Recht vor, einen Betrag vor der Ankunft vor\u00fcbergehend auf Ihrer Karte zu belassen.<\/p>\n<p>[\/vc_column_text][\/vc_column][vc_column width=\"1\/2&#8243;][vc_column_text el_class=\"servicos-txt\"]<i class=\"fas fa-check\"><\/i> <strong>Kinder und Zustellbetten:<\/strong><\/p>\n<p class=\"espaco\">Alle Kinder willkommen<\/p>\n<p class=\"espaco\">Kostenfrei! Alle Kinder unter 5 Jahren werden kostenlos untergebracht, wenn sie das vorhandene Bett benutzen. <\/p>\n<p class=\"espaco\">Kostenfrei! Alle Kinder unter 2 Jahren: werden kostenlos in einem Kinderbett untergebracht. <\/p>\n<p class=\"espaco\">Alle Kinder von 6 bis 12 Jahren: EUR 8 pro Nacht und Person werden f\u00fcr Zustellbetten berechnet.<\/p>\n<p class=\"espaco\">Maximale Kapazit\u00e4t von Zusatzbetten \/ Kinderbetten im Zimmer: 1<\/p>\n<p class=\"espaco\">Jede Art von Zusatzbett oder Kinderbett ist nur auf Anfrage erh\u00e4ltlich und muss vom Hotel best\u00e4tigt werden.<\/p>\n<p class=\"espaco\">Zuschl\u00e4ge werden nicht automatisch in die Gesamtkosten eingerechnet und m\u00fcssen w\u00e4hrend Ihres Aufenthalts separat bezahlt werden.<\/p>\n<p>[\/vc_column_text][\/vc_column][\/vc_row][vc_row][vc_column][vc_empty_space height=\"130px\"][\/vc_column][\/vc_row][vc_row][vc_column][\/vc_column][\/vc_row]<\/p>\n","protected":false},"excerpt":{"rendered":"<p>[vc_row][vc_column][vc_empty_space height=\"80&#8243;][\/vc_column][\/vc_row][vc_row full_width=\"stretch_row\" css=\".vc_custom_1756912985251{background-position: center !important;background-repeat: no-repeat !important;background-size: cover !important;}\"][vc_column width=\"1\/2&#8243;][vc_custom_heading text=\"Ich denke an Sie\" font_container=\"tag:h2|font_size:30|text_align:center|color:%235f1f08&#8243; google_fonts=\"font_family:Playfair%20Display%3Aregular%2Citalic%2C700%2C700italic%2C900%2C900italic|font_style:900%20bold%20regular%3A900%3Anormal\" css=\".vc_custom_1756913541583{margin-bottom: 30px !important;}\"][vc_column_text el_class=\"hotel-txt\" css=\".vc_custom_1756913761038{padding-right: 10px !important;}\"]Das zentral im Herzen&#8230;<\/p>\n","protected":false},"author":1,"featured_media":0,"parent":0,"menu_order":0,"comment_status":"closed","ping_status":"closed","template":"","meta":{"footnotes":""},"class_list":["post-1824","page","type-page","status-publish","hentry"],"_links":{"self":[{"href":"https:\/\/catolicahotel.com\/de\/wp-json\/wp\/v2\/pages\/1824","targetHints":{"allow":["GET"]}}],"collection":[{"href":"https:\/\/catolicahotel.com\/de\/wp-json\/wp\/v2\/pages"}],"about":[{"href":"https:\/\/catolicahotel.com\/de\/wp-json\/wp\/v2\/types\/page"}],"author":[{"embeddable":true,"href":"https:\/\/catolicahotel.com\/de\/wp-json\/wp\/v2\/users\/1"}],"replies":[{"embeddable":true,"href":"https:\/\/catolicahotel.com\/de\/wp-json\/wp\/v2\/comments?post=1824"}],"version-history":[{"count":2,"href":"https:\/\/catolicahotel.com\/de\/wp-json\/wp\/v2\/pages\/1824\/revisions"}],"predecessor-version":[{"id":1948,"href":"https:\/\/catolicahotel.com\/de\/wp-json\/wp\/v2\/pages\/1824\/revisions\/1948"}],"wp:attachment":[{"href":"https:\/\/catolicahotel.com\/de\/wp-json\/wp\/v2\/media?parent=1824"}],"curies":[{"name":"wp","href":"https:\/\/api.w.org\/{rel}","templated":true}]}}

<p>[vc_row][vc_column][vc_empty_space height="80&#8243;][/vc_column][/vc_row][vc_row full_width="stretch_row" css=".vc_custom_1756912985251{background-position: center !important;background-repeat: no-repeat !important;background-size: cover !important;}"][vc_column width="1/2&#8243;][vc_custom_heading text="Ich denke an Sie" font_container="tag:h2|font_size:30|text_align:center|color:%235f1f08&#8243; google_fonts="font_family:Playfair%20Display%3Aregular%2Citalic%2C700%2C700italic%2C900%2C900italic|font_style:900%20bold%20regular%3A900%3Anormal" css=".vc_custom_1756913541583{margin-bottom: 30px !important;}"][vc_column_text el_class="hotel-txt" css=".vc_custom_1756913761038{padding-right: 10px !important;}"]Das zentral im Herzen von Fátima gelegene Católica Hotel ist nur <strong>3 Minuten von der Wallfahrtskirche Unserer Lieben Frau von Fátima entfernt</strong>.</p>
<p>Umgeben von natürlichem Licht, mit einer gemütlichen und familiären Atmosphäre, verfügt das Hotel über <strong>49 Zimmer</strong>, unterteilt in Einzelzimmer, Doppel- oder Zweibettzimmer, Dreibettzimmer und Familienzimmer, die in einem <strong>modern-klassischen Stil</strong> eingerichtet sind. Unsere Gäste können im Restaurant und in der Bar des Hotels Católica eine typische Mahlzeit oder ein Getränk aus unserer Region genießen.<br />
Wir haben auch einen Tagungs-/Veranstaltungsraum mit einer Kapazität von <strong>50 Personen</strong> zu Ihrer Verfügung.</p>
<p>Während Sie Ihren Aufenthalt im Católica Hotel genießen, können Sie auch <strong>die Sehenswürdigkeiten in der Umgebung von Fátima erkunden</strong>. Zum Beispiel die Schlösser von Leiria, Ourém, Tomar und Pombal sowie die Serra d&#8217;Aire und der Parque dos Candeeiros. </p>
<p style="text-align: justify;">Paare mögen besonders die Lage &#8211; sie gaben ihr eine <strong>Bewertung von 9,3</strong> für eine Reise zu zweit.</p>
<p>[/vc_column_text][/vc_column][vc_column width="1/2&#8243;][vc_images_carousel images="1229,1230,1228,787,797&#8243; img_size="500&#215;500&#8243; speed="3000&#8243; wrap="yes" css=".vc_custom_1758554058626{border-left-width: 50px !important;}" el_id="hotelCarousel"][/vc_column][/vc_row][vc_row][vc_column][vc_empty_space height="80&#8243;][/vc_column][/vc_row][vc_row][vc_column width="1/2&#8243;][vc_custom_heading text="Dienstleistungen" font_container="tag:h2|text_align:center" google_fonts="font_family:Playfair%20Display%3Aregular%2Citalic%2C700%2C700italic%2C900%2C900italic|font_style:900%20bold%20regular%3A900%3Anormal" css=".vc_custom_1756913478724{margin-top: 25px !important;margin-bottom: 45px !important;}"][vc_column_text el_class="servicos-txt"]</p>
<p class="servicos-check"><i class="fas fa-check"></i>  5 Sprachen gesprochen: PT, ES, EN, FR, IT<br />
<i class="fas fa-check"></i>  24-Stunden-Rezeption<br />
<i class="fas fa-check"></i>  Frühstücksbuffet bei allen Aufenthalten<br />
<i class="fas fa-check"></i>  Restaurant und Bar<br />
<i class="fas fa-check"></i>  Tägliche Reinigung<br />
<i class="fas fa-check"></i>  Gemeinsamer Aufenthaltsraum/TV-Bereich<br />
Fotokopierer<br />
<i class="fas fa-check"></i>  Tagungsraum/Veranstaltungen<br />
<i class="fas fa-check"></i>  Zimmerservice<br />
<i class="fas fa-check"></i>  Weckdienst</p>
<p>[/vc_column_text][/vc_column][vc_column width="1/2&#8243;][vc_custom_heading text="Installationen" font_container="tag:h2|text_align:center" google_fonts="font_family:Playfair%20Display%3Aregular%2Citalic%2C700%2C700italic%2C900%2C900italic|font_style:900%20bold%20regular%3A900%3Anormal" css=".vc_custom_1756913486338{margin-top: 25px !important;margin-bottom: 45px !important;}"][vc_column_text el_class="servicos-txt"]</p>
<p class="servicos-check"><i class="fas fa-check"></i>  Terrasse<br />
<i class="fas fa-check"></i>  Aufzug<br />
<i class="fas fa-check"></i>  Gepäckraum<br />
<i class="fas fa-check"></i>  Klimatisierung<br />
<i class="fas fa-check"></i>  Heizung<br />
<i class="fas fa-check"></i>  Familienzimmer<br />
<i class="fas fa-check"></i>  Einrichtungen für Menschen mit eingeschränkter Mobilität<br />
<i class="fas fa-check"></i>  Anpassung für Menschen mit eingeschränkter Mobilität (WC mit Notrufkabel, Haltegriff und eingelassenes Waschbecken)<br />
<i class="fas fa-check"></i>  Rauchverbot in allen Bereichen</p>
<p>[/vc_column_text][/vc_column][/vc_row][vc_row][vc_column][vc_empty_space height="80&#8243;][/vc_column][/vc_row][vc_row css=".vc_custom_1545837782247{margin-top: 75px !important;}"][vc_column][vc_custom_heading text="Aktivitäten" font_container="tag:h2|text_align:center" google_fonts="font_family:Playfair%20Display%3Aregular%2Citalic%2C700%2C700italic%2C900%2C900italic|font_style:900%20bold%20regular%3A900%3Anormal"][/vc_column][/vc_row][vc_row][vc_column width="1/3&#8243; css=".vc_custom_1756916935803{padding-right: 20px !important;padding-left: 20px !important;}"][vc_images_carousel images="1282,1281,1008&#8243; img_size="375&#215;375&#8243; onclick="link_no" autoplay="yes" hide_pagination_control="yes" wrap="yes" css=".vc_custom_1759251829234{margin-left: 20px !important;padding-bottom: 20px !important;}"][vc_column_text css=".vc_custom_1756917002946{padding-right: 20px !important;padding-left: 20px !important;}"]</p>
<h4><strong>Strände</strong></h4>
<p>[/vc_column_text][vc_empty_space height="10&#8243;][vc_column_text css=".vc_custom_1756917836863{padding-right: 20px !important;padding-left: 20px !important;}"]Sie können Strände wie Nazaré, São Martinho do Porto, São Pedro de Moel und Osso da Baleia entdecken, die ideal zum Entspannen oder zum Wassersport sind. Perfekt für Familienausflüge, Sonnenbäder und schöne Stunden am Meer. [/vc_column_text][/vc_column][vc_column width="1/3&#8243;][vc_images_carousel images="1283,1280,1290&#8243; img_size="375&#215;375&#8243; onclick="link_no" autoplay="yes" hide_pagination_control="yes" wrap="yes" css=".vc_custom_1759312394722{margin-left: 20px !important;padding-bottom: 20px !important;}"][vc_column_text css=".vc_custom_1756917041688{padding-right: 20px !important;padding-left: 20px !important;}"]</p>
<h4 class="lead-heading"><strong>Serra d&#8217;Aire und Candeeiros</strong></h4>
<p>[/vc_column_text][vc_empty_space height="10&#8243;][vc_column_text css=".vc_custom_1756917683748{padding-right: 20px !important;padding-left: 20px !important;}"]Gleich nebenan liegt der Naturpark Serra d&#8217;Aire e Candeeiros. Besuchen Sie die paläontologische Stätte der Dinosaurier-Fußabdrücke, wandern Sie auf den Pfaden und genießen Sie die herrliche Berglandschaft. [/vc_column_text][/vc_column][vc_column width="1/3&#8243;][vc_images_carousel images="1265,1264,1263&#8243; img_size="375&#215;375&#8243; onclick="link_no" autoplay="yes" hide_pagination_control="yes" wrap="yes" css=".vc_custom_1759251836727{margin-bottom: 20px !important;padding-left: 20px !important;}"][vc_column_text css=".vc_custom_1759233319933{padding-right: 20px !important;padding-left: 20px !important;}"]</p>
<h4><strong>Schlösser und Klöster</strong></h4>
<p>[/vc_column_text][vc_empty_space height="10&#8243;][vc_column_text css=".vc_custom_1756916966433{padding-right: 20px !important;padding-left: 20px !important;}"]In dieser Gegend von Leiria &#8211; Fátima können Sie 4 fabelhafte Schlösser besuchen: Leiria, Ourém, Tomar und Pombal. Und prächtige Monumente, von denen die bekanntesten einen Besuch wert sind: das Batalha-Kloster und das Alcobaça-Kloster. [/vc_column_text][/vc_column][/vc_row][vc_row][vc_column][vc_empty_space height="80&#8243;][/vc_column][/vc_row][vc_row][vc_column][vc_custom_heading text="Andere Informationen" font_container="tag:h2|text_align:center" google_fonts="font_family:Playfair%20Display%3Aregular%2Citalic%2C700%2C700italic%2C900%2C900italic|font_style:900%20bold%20regular%3A900%3Anormal" css=".vc_custom_1756913461975{margin-top: 35px !important;margin-bottom: 45px !important;}"][vc_empty_space height="50px"][/vc_column][/vc_row][vc_row css=".vc_custom_1545838620137{margin-bottom: 50px !important;}"][vc_column width="1/2&#8243;][vc_column_text el_class="servicos-txt" css=".vc_custom_1756914438359{padding-right: 80px !important;}"]<i class="fas fa-check"></i> <strong>Einchecken</strong></p>
<p class="espaco">Zwischen 16 Uhr und 23.30 Uhr</p>
<p>&nbsp;</p>
<p><i class="fas fa-check"></i> <strong>Check-out</strong></p>
<p class="espaco">Zwischen 8 Uhr und 12 Uhr</p>
<p>&nbsp;</p>
<p><i class="fas fa-check"></i> <strong>Haustiere</strong></p>
<p class="espaco">Nicht erlaubt</p>
<p>&nbsp;</p>
<p><i class="fas fa-check"></i> <strong>In der Unterkunft akzeptierte Karten</strong></p>
<p class="espaco">Das Católica Hotel akzeptiert VISA-Karten und behält sich das Recht vor, einen Betrag vor der Ankunft vorübergehend auf Ihrer Karte zu belassen.</p>
<p>[/vc_column_text][/vc_column][vc_column width="1/2&#8243;][vc_column_text el_class="servicos-txt"]<i class="fas fa-check"></i> <strong>Kinder und Zustellbetten:</strong></p>
<p class="espaco">Alle Kinder willkommen</p>
<p class="espaco">Kostenfrei! Alle Kinder unter 5 Jahren werden kostenlos untergebracht, wenn sie das vorhandene Bett benutzen. </p>
<p class="espaco">Kostenfrei! Alle Kinder unter 2 Jahren: werden kostenlos in einem Kinderbett untergebracht. </p>
<p class="espaco">Alle Kinder von 6 bis 12 Jahren: EUR 8 pro Nacht und Person werden für Zustellbetten berechnet.</p>
<p class="espaco">Maximale Kapazität von Zusatzbetten / Kinderbetten im Zimmer: 1</p>
<p class="espaco">Jede Art von Zusatzbett oder Kinderbett ist nur auf Anfrage erhältlich und muss vom Hotel bestätigt werden.</p>
<p class="espaco">Zuschläge werden nicht automatisch in die Gesamtkosten eingerechnet und müssen während Ihres Aufenthalts separat bezahlt werden.</p>
<p>[/vc_column_text][/vc_column][/vc_row][vc_row][vc_column][vc_empty_space height="130px"][/vc_column][/vc_row][vc_row][vc_column][/vc_column][/vc_row]</p>
